 4) to base 11
-16396
Convert 1122 (base 5) to base 2.
10100010
Convert 52e (base 15) to base 13.
6bc
Convert -4499 (base 10) to base 7.
-16055
Convert 6008 (base 9) to base 10.
4382
Convert 101001110011011 (base 2) to base 14.
7b2b
-5349 (base 16) to base 9
-32220
What is -1410 (base 5) in base 4?
-3212
24151 (base 7) to base 8
14163
-501 (base 6) to base 12
-131
Convert -123351 (base 6) to base 5.
-324110
Convert -2076 (base 11) to base 3.
-10202200
Convert -394 (base 11) to base 2.
-111010010
Convert 182 (base 11) to base 6.
551
What is 1382 (base 11) in base 16?
6f8
Convert -1776 (base 14) to base 5.
-113340
Convert 121b0 (base 13) to base 4.
20013303
What is 12121020 (base 3) in base 15?
1323
523 (base 6) to base 14
dd
What is 10001012201 (base 3) in base 15?
12b57
What is -215 (base 10) in base 6?
-555
What is 5757 (base 11) in base 12?
4464
Convert 110332 (base 4) to base 14.
6bc
Convert -2130 (base 4) to base 14.
-b2
Convert b56 (base 13) to base 14.
9bc
What is 903 (base 11) in base 14?
580
-3725 (base 9) to base 6
-20505
Convert -12252 (base 6) to base 9.
-2455
1339 (base 16) to base 5
124141
What is -8832 (base 11) in base 15?
-36bb
Convert 130221 (base 4) to base 10.
1833
Convert -9083 (base 12) to base 4.
-3310203
Convert -3214 (base 6) to base 11.
-604
What is -10633 (base 8) in base 5?
-121012
Convert -256 (base 14) to base 3.
-122100
Convert -140322 (base 6) to base 2.
-11001100011010
-fa (base 16) to base 2
-11111010
What is -10000121 (base 3) in base 15?
-9bd
Convert -112021 (base 3) to base 14.
-1d7
-1060 (base 7) to base 8
-601
-10101 (base 3) to base 6
-231
Convert -200100 (base 3) to base 7.
-1305
What is a877 (base 11) in base 4?
3200122
-453 (base 15) to base 11
-80a
Convert 221120101 (base 3) to base 9.
27511
Convert -8091 (base 10) to base 11.
-6096
What is 509 (base 14) in base 2?
1111011101
3423 (base 11) to base 7
16061
Convert 29a8 (base 15) to base 5.
241213
What is 11277 (base 8) in base 16?
12bf
What is 1111112 (base 4) in base 11?
4116
Convert -236523 (base 7) to base 6.
-531413
What is 5a77 (base 16) in base 2?
101101001110111
What is -35ed (base 15) in base 16?
-2cd1
What is 281 (base 12) in base 8?
601
Convert -69a (base 13) to base 5.
-14031
-10010111 (base 2) to base 4
-2113
6446 (base 7) to base 12
13a8
What is -7d2a (base 16) in base 6?
-404202
Convert -20a (base 16) to base 8.
-1012
Convert -2085 (base 10) to base 13.
-c45
What is 4020 (base 5) in base 11?
424
Convert 201121 (base 3) to base 14.
29b
Convert 2cc (base 15) to base 5.
10032
Convert 1a9 (base 16) to base 12.
2b5
-3c26 (base 13) to base 6
-104015
What is 837 (base 13) in base 5?
21043
-d4 (base 16) to base 13
-134
52171 (base 8) to base 13
9ac6
-10000110110100 (base 2) to base 3
-102211120
What is -357 (base 15) in base 10?
-757
2a2 (base 12) to base 16
19a
Convert 11000011100 (base 2) to base 5.
22224
Convert 421a (base 12) to base 10.
7222
-155 (base 7) to base 14
-65
613 (base 12) to base 14
46b
Convert 11121122 (base 3) to base 2.
110100100101
What is -445 (base 14) in base 7?
-2315
What is 2002221 (base 3) in base 6?
11041
What is -3130 (base 11) in base 8?
-10063
What is -49c (base 14) in base 4?
-32122
Convert -122242 (base 5) to base 4.
-1021121
-234034 (base 6) to base 9
-30784
53a (base 11) to base 16
288
Convert 2230 (base 13) to base 10.
4771
-263 (base 7) to base 11
-120
Convert -239 (base 15) to base 14.
-280
Convert -827a (base 11) to base 5.
-322402
12721 (base 9) to base 12
4b91
What is -50710 (base 10) in base 5?
-3110320
17602 (base 11) to base 7
131654
Convert -436a (base 14) to base 10.
-11658
Convert -b24 (base 15) to base 14.
-cb3
What is 1c613 (base 13) in base 3?
2211202102
Convert -2121 (base 12) to base 3.
-11222021
Convert -1a60 (base 15) to base 14.
-2123
d77 (base 15) to base 8
5735
What is -22112211 (base 3) in base 14?
-23b2
Convert 11000 (base 4) to base 15.
165
What is 25420 (base 8) in base 7?
44066
Convert 21533 (base 6) to base 11.
2296
139a2 (base 11) to base 9
30178
What is 403341 (base 5) in base 16?
32ab
-1011100000010 (base 2) to base 14
-220a
11102122 (base 3) to base 9
4378
54470 (base 9) to base 13
13587
Convert 1001000110100101 (base 2) to base 7.
213463
Convert -13d (base 16) to base 14.
-189
Convert -1000001010011001 (base 2) to base 3.
-1200212021
405 (base 10) to base 3
120000
What is 123a6 (base 11) in base 12?
a35a
Convert -193 (base 14) to base 12.
-231
What is 1088 (base 16) in base 3?
12210202
Convert 11d6 (base 14) to base 16.
c38
-323021 (base 4) to base 6
-25305
-11001110011 (base 2) to base 16
-673
10001001100001 (base 2) to base 7
34442
-18 (base 11) to base 7
-25
Convert -5314 (base 13) to base 11.
-8713
What is -213 (base 7) in base 4?
-1230
What is -1210201002 (base 3) in base 4?
-20222303
Convert 25a0a (base 14) to base 3.
11200220202
Convert -2529 (base 10) to base 4.
-213201
What is 5633 (base 7) in base 15?
908
Convert -11337 (base 8) to base 2.
-1001011011111
-31332122 (base 4) to base 9
-86462
-221 (base 11) to base 3
-100211
120022222 (base 3) to base 12
6575
110000111 (base 2) to base 8
607
Convert -dd (base 15) to base 12.
-154
Convert 172050 (base 8) to base 14.
18ac8
735a (base 11) to base 16
2611
What is 4631 (base 12) in base 15?
24ad
What is -3064 (base 7) in base 13?
-649
What is -39d (base 15) in base 12?
-587
-18646 (base 9) to base 5
-403141
Convert -357 (base 10) to base 3.
-111020
What is 122332 (base 4) in base 13?
a2a
Convert -491b (base 13) to base 8.
-24135
What is 2213230 (base 5) in base 15?
b660
Convert 927 (base 14) to base 11.
1396
-17653 (base 8) to base 11
-6100
What is e7e (base 15) in base 7?
12350
Convert 2016 (base 9) to base 5.
21343
Convert 1498 (base 11) to base 8.
3602
Convert 202125 (base 8) to base 9.
111370
What is -6c3 (base 15) in base 3?
-2002210
What is 5204 (base 8) in base 7?
10564
What is 10202 (base 3) in base 13?
7a
Convert 101212 (base 3) to base 10.
293
101100110 (base 2) to base 15
18d
111100100101 (base 2) to base 6
25541
Convert -505 (base 10) to base 11.
-41a
Convert 25420 (base 8) to base 14.
4036
What is 1010011100010111 (base 2) in base 5?
2332100
Convert -26 (base 8) to base 2.
-10110
Convert -1269a (base 12) to base 14.
-9262
49 (base 14) to base 4
1001
Convert 2deb (base 16) to base 3.
121010101
Convert -21 (base 11) to base 3.
-212
-243 (base 13) to base 11
-328
Convert 265 (base 10) to base 3.
100211
What is -24a8 (base 14) in base 7?
-24501
Convert 3103 (base 9) to base 3.
10010010
1010020 (base 3) to base 4
30300
Convert -244243 (base 5) to base 8.
-22153
What is 1043000 (base 5) in base 15?
5735
1939 (base 10) to base 15
894
3137 (base 8) to base 7
4520
Convert 5124 (base 6) to base 16.
46c
What is 20bb (base 16) in base 8?
20273
-1973 (base 12) to base 13
-1554
What is -2896 (base 14) in base 11?
-5445
813a (base 14) to base 6
250440
Convert 66da (base 14) to base 13.
8169
Convert 100210 (base 3) to base 4.
10020
Convert -201020222 (base 3) to base 2.
-11011011010111
22371 (base 8) to base 9
13876
What is 33116 (base 8) in base 5?
421102
-222030 (base 6) to base 8
-44242
ac (base 13) to base 14
a2
Convert -8312 (base 10) to base 12.
-4988
What is 1010011001 (base 2) in base 14?
357
-c0eb (base 16) to base 6
-1020351
What is 110001000000 (base 2) in base 4?
301000
What is ba6d (base 15) in base 9?
60134
What is ca93 (base 15) in base 16?
a788
What is 174 (base 10) in base 15?
b9
-6736 (base 9) to base 3
-20211020
Convert 703 (base 11) to base 14.
44a
What is -437 (base 9) in base 12?
-25a
Convert -6231 (base 9) to base 2.
-1000111010100
What is -17712 (base 10) in base 4?
-10110300
-10121110 (base 3) to base 4
-221013
What is -5a0 (base 12) in base 16?
-348
Convert 1a58 (base 11) to base 9.
3513
20211 (base 4) to base 12
399
Convert 269 (base 12) to base 15.
199
Convert -23d7 (base 15) to base 11.
-5804
What is -6a91 (base 13) in base 3?
-202120012
What is -245d (base 14) in base 3?
-22201101
12254 (base 6) to base 2
11100101010
Convert 3509 (base 11) to base 10.
4607
-5060 (base 12) to base 6
-104200
Convert -20112110 (base 3) to base 9.
-6473
Convert -1006b (base 12) to base 4.
-11011103
26b (base 12) to base 16
173
195 (base 10) to base 11
168
What is 16b (base 14) in base 9?
353
What is 2115 (base 9) in